-2*d - 7. What is the units digit of d?
1
Suppose k = -4*a + 1052 - 190, 5*a - 3404 = -4*k. What is the tens digit of k?
4
Let l = -9 + 13. Suppose 7*u + 239 = 4*t + 2*u, -u + 269 = l*t. Suppose 2*i + 12 = t. What is the units digit of i?
7
Let x(j) be the third derivative of j**6/120 + 7*j**5/60 - 3*j**4/8 - 2*j**3/3 - 3*j**2. What is the units digit of x(-8)?
4
Suppose 4*g - 4592 = -s, -2*s = 4*g - 5*s - 4592. What is the units digit of g?
8
What is the tens digit of (-4)/3 + 1 + 3104/24?
2
Let t(q) = q - 4. Suppose 4*h + 0*h - 24 = 0. Let f be t(h). Let v(z) = 18*z - 1. What is the tens digit of v(f)?
3
Let o = -39 + 49. What is the tens digit of 6 - (o/(-5) + -2)?
1
What is the hundreds digit of (23 - 21)*229/2?
2
Suppose -8*x - 520 = -21*x. What is the units digit of 11/11 + 1*x?
1
Let g = 59 + -79. Let v(h) = h + 55. What is the tens digit of v(g)?
3
What is the hundreds digit of -1295*(8/36 + (-33)/27)?
2
Suppose 0 = 5*p, -n + 514 = 4*p - 385. What is the hundreds digit of n?
8
Suppose -s = -21 - 10. Let y be -2*(-14)/4*s. Suppose -3*l - 82 = -y. What is the units digit of l?
5
Let o = -1024 - -2211. What is the thousands digit of o?
1
Suppose -6*r + 3*r = -18. Let x(a) = a**2 - 3*a + 3. What is the tens digit of x(r)?
2
Let r = -3 + 0. What is the units digit of ((-35)/21)/(r/9)?
5
Let u(p) = -53*p - 95. What is the hundreds digit of u(-11)?
4
Suppose -23*c + 20*c = -33. What is the tens digit of 6/(18/c)*(2 - -4)?
2
Let k(z) = 26 + 11*z + 5*z - 7*z. What is the tens digit of k(12)?
3
Let y = 30 + -22. Suppose 0 = -y*z + 9*z - 169. What is the tens digit of z?
6
Let l(r) = 3*r**2 + r - 2. Suppose 0 = 3*c - 18 - 6. Suppose -p - 2*i = c, 4*p + i = -i - 2. What is the tens digit of l(p)?
1
Suppose -2*i = -5*c - 0 + 26, 2*c + 2*i = 2. Suppose -3*x - c*m + 7*m + 120 = 0, -4*x + 168 = 4*m. What is the units digit of x?
1
Suppose -64521 = -38*d - 14095. What is the hundreds digit of d?
3
Let k = -4422 - -9371. What is the hundreds digit of k?
9
What is the units digit of 2/12 + 45784/48?
4
Let k(f) = -f**3 + 8*f**2 + 3*f + 5. Suppose 2 = -d + 3*s, 0*d - 5*d - 5*s + 50 = 0. Let v be k(d). Let c = v - 41. What is the tens digit of c?
3
Let h(p) = -p**3 + 8*p**2 - 8*p - 17. Let u be h(6). Let y(a) = 5*a**2 - 16*a + 11. What is the hundreds digit of y(u)?
1
Let s be (-2)/(-3) - (-28)/(-6). Let q = s - -7. Suppose 4*c + 5*f + 3 = 0, q*c - 5*f - 18 = 6. What is the units digit of c?
3
What is the units digit of 129 - (1 - 3)*22/44?
0
Let u = -218 - -678. What is the tens digit of u?
6
Let d(c) = 6*c**3 - 3*c**2 + 3*c. Let m be d(2). Suppose m = -v - 5*v. Let l(j) = -j**2 - 7*j + 2. What is the units digit of l(v)?
2
Let c(x) = -2*x**3 + 9*x**2 - 4*x - 9. Let d be c(4). Let n = 52 - 27. Let a = d + n. What is the units digit of a?
6
Let q be 210/49 + 4/(-14). Suppose 5*g - 45 = -4*l - l, l - q = 0. Suppose 0*u + g*u + c = 64, 5*u + 4*c = 61. What is the units digit of u?
3
Let s(r) = -r**2 + 8*r - 3. What is the units digit of s(7)?
4
Let b be 8 - 7 - (1 - 50). Let m be (30/b)/((-1)/(-5)). Suppose 4*z + m*y - 5 = 13, -5*z + 40 = -5*y. What is the units digit of z?
6
Suppose -1756 = -5*s - 4*z, -2*s + 2*z - 3*z + 703 = 0. What is the units digit of s?
2
Suppose 4*c + 2*a - 17704 = 0, 5*c = -2*a + 13053 + 9078. What is the tens digit of c?
2
Suppose -2*o = -2*y + y - 592, y = -3*o + 878. What is the hundreds digit of o?
2
Let m(j) = -6*j + 7 + 4*j - j**3 - 3*j**2 + 4*j. What is the hundreds digit of m(-6)?
1
Let z = 2759 + -726. What is the thousands digit of z?
2
Let g be (-2)/(-12) + (-813)/18. Let n = g - -218. What is the units digit of n?
3
Suppose 472 = 2*j + 5*g, 2*g = -2*j + 628 - 168. What is the units digit of j?
6
Suppose -3*n - b + 7 = 0, n - 4*b - 36 = -3*n. Suppose 2*j + m - n*m = 143, -5*m = -2*j + 133. What is the tens digit of j?
7
Let i(c) = -c**3 - 12*c**2 - 22*c - 3. Let t be i(-10). Let l(w) = -3 + 2*w + 10 + 2. What is the tens digit of l(t)?
4
What is the units digit of (-93159)/33*(1 - 5/3)?
2
Suppose -12 = -2*i - 4*q, -q + 7 = 5*i - 32. What is the units digit of 501/39 - i/(-52)?
3
Suppose -2*c = -2*d + 21 + 127, -74 = c + 4*d. Let n = -44 - c. Suppose x = -4*x + n. What is the units digit of x?
6
Suppose 4*d - 232 = 228. Let k = d + -68. What is the units digit of k?
7
Let f be (-1)/(-2)*(0 - -1046). Let n = f - 324. What is the units digit of n?
9
Suppose w = 3*u + 740 - 3526, -2791 = -3*u - 4*w. What is the tens digit of u?
2
Let k be (-2)/(-6) + (-576)/27. Let t = k - -123. What is the tens digit of t?
0
Let f(p) = -2*p - 12. Let d be f(-6). Suppose d = -6*w + 64 + 548. What is the hundreds digit of w?
1
Suppose -888 = -5*q + 2*f, 2*q + f - 210 = 147. What is the hundreds digit of q?
1
Let h = 12 + -16. Let l be (h/(-3))/(14/21). Suppose 0*k - l*k = -110. What is the tens digit of k?
5
Suppose 9*b = 14*b - 1510. Suppose 5 = -5*x, -3*t + 5*x + b = -0*t. What is the tens digit of t?
9
Let p be (-184)/(-16) + 6/4. Let k = 13 - p. Suppose 0*r + 5*r - 270 = k. What is the tens digit of r?
5
Suppose 2*x - 2*m - 866 - 3156 = 0, 6013 = 3*x + m. What is the tens digit of x?
0
Let d(r) = 292 + 2*r**2 - r**2 - r - 294. What is the units digit of d(-2)?
4
Suppose -98*f - 3000 = -108*f. What is the tens digit of f?
0
Let h be ((-7)/14)/((-1)/794*1). Suppose -3*k - 527 = -4*q, 0*q - 3*q + 4*k + h = 0. What is the tens digit of q?
3
Let h(o) = 32*o - 13. Let k be h(4). Let n = k - 0. What is the units digit of n?
5
Let a = -6454 + 9125. What is the thousands digit of a?
2
Suppose 10*h - 91 - 69 = 0. Suppose -4*g = w - 2*g - 56, -3*g = 5*w - 266. Suppose v + 2*o = 2*v - w, -4*o - h = 0. What is the tens digit of v?
4
Let j(s) = -s - 11. Let y be j(-10). What is the tens digit of (-99)/11*3/y?
2
Let q(a) = -17*a**2 - 3*a - 2. Let j be q(3). Let g = j + 234. What is the units digit of g?
0
Suppose -3*u - 30 = 3*j - 0, 26 = -3*u - j. What is the units digit of (6 + 182/(-21))*54/u?
8
Let z = 34 + -18. Let x be (36/z + -3)*4. What is the units digit of (1 - -17) + (x - -2)?
7
Let c(h) = 19*h - 23. Suppose -4*s - s + 50 = 5*a, 2*s = -4*a + 28. What is the tens digit of c(s)?
9
Let t(i) = i**3 - 16*i**2 + 15*i + 6. Let v be t(15). Suppose 5*a + 157 = v*a. What is the tens digit of a?
5
Suppose -15*k = -3*k - 38976. What is the hundreds digit of k?
2
Let k(o) = o**3 + o**2 + 124. Let a(t) = t**3 + 3*t**2 - 3*t + 4. Let g be a(-4). Let h be k(g). Let w = h - 61. What is the tens digit of w?
6
Let l(k) be the third derivative of k**5/60 - k**4/3 + 7*k**3/6 - 3*k**2. Let y be l(7). Suppose y = 6*d - 10*d + 136. What is the units digit of d?
4
Let h(g) = 4*g**2 - 5*g - 25. Let l be h(9). Let j = -98 + l. What is the tens digit of j?
5
Suppose 4*j - 9*j = -15, -4*y - 5*j = -27. Suppose 4*c - 5 = i + 12, -y*c + 18 = i. Suppose 62 - 5 = i*l. What is the tens digit of l?
1
Let c = 415 + 314. What is the units digit of c?
9
Let a(m) be the first derivative of m**4/4 - 2*m**3 - 6*m + 18. What is the hundreds digit of a(8)?
1
Let j(v) = 87*v - 131. What is the hundreds digit of j(25)?
0
Let a(y) = -2*y + 12. Let r be a(9). Let n = r - -10. Suppose n*d + 36 = 4*t, 2*d = -5*t + 14 + 17. What is the units digit of t?
7
Suppose -4*x + 581 = -t, 4*t + 432 = 3*x + 2*t. Suppose -4*p + 78 + x = 2*k, 3*p = 12. What is the hundreds digit of k?
1
Let g(q) = 6*q**2 - q - 1. Let u be g(-1). Suppose -u*b = -7*b + 31. What is the units digit of b?
1
Suppose -5*k + m = 7, 2*m - 2 = -2*k - 12. What is the units digit of 3 - 1/(k/4)?
5
Suppose -799 = 12*x + 2741. Let h = -201 - x. What is the units digit of h?
4
Suppose -3*m - 8 + 20 = 0. Suppose 0 = -0*g + m*g - 300. What is the tens digit of g?
7
Let o = 12618 - 8475. What is the tens digit of o?
4
What is the tens digit of ((-37726)/(-143))/(1/11)?
0
Let l(x) = 9*x**2 - 1 - 2 + 10*x + x**3 - x. Let h be l(-7). Let n = h + -10. What is the units digit of n?
2
Let k = 31 + -39. Let f(d) = d**2 - 2*d - 3. Let u be f(k). Suppose 2*g - u = 51. What is the units digit of g?
4
Let l be (-315)/(-6)*(-4)/(-6). Let q be 8*l/10 + 4. What is the units digit of (-4)/q - (-1491)/24?
2
Suppose 3*x + 64 - 238 = 0. Suppose -7*f - x = -8*f. What is the tens digit of f?
5
Let s be (-140)/(-15)*165/10. Let x = s + -4. What is the hund